{"version":"1.0","provider_name":"Avrupal\u0131 T\u00fcrklerin en Yeni Haber Portal\u0131","provider_url":"https:\/\/avrupatv.eu","author_name":"Onur Akpinar","author_url":"https:\/\/avrupatv.eu\/index.php\/author\/onur-akpinar\/","title":"Memur ve Emeklilere refah pay\u0131 nezaman a\u00e7\u0131klanacak? - Avrupal\u0131 T\u00fcrklerin en Yeni Haber Portal\u0131","type":"rich","width":600,"height":338,"html":"<blockquote class=\"wp-embedded-content\" data-secret=\"dK4wN0yrVz\"><a href=\"https:\/\/avrupatv.eu\/index.php\/2025\/01\/04\/memur-ve-emeklilere-refah-payi-nezaman-aciklanacak\/\">Memur ve Emeklilere refah pay\u0131 nezaman a\u00e7\u0131klanacak?<\/a><\/blockquote><iframe sandbox=\"allow-scripts\" security=\"restricted\" src=\"https:\/\/avrupatv.eu\/index.php\/2025\/01\/04\/memur-ve-emeklilere-refah-payi-nezaman-aciklanacak\/embed\/#?secret=dK4wN0yrVz\" width=\"600\" height=\"338\" title=\"&#8220;Memur ve Emeklilere refah pay\u0131 nezaman a\u00e7\u0131klanacak?&#8221; &#8212; Avrupal\u0131 T\u00fcrklerin en Yeni Haber Portal\u0131\" data-secret=\"dK4wN0yrVz\" frameborder=\"0\" marginwidth=\"0\" marginheight=\"0\" scrolling=\"no\" class=\"wp-embedded-content\"><\/iframe><script type=\"text\/javascript\">\n\/* <![CDATA[ *\/\n\/*! This file is auto-generated *\/\n!function(d,l){\"use strict\";l.querySelector&&d.addEventListener&&\"undefined\"!=typeof URL&&(d.wp=d.wp||{},d.wp.receiveEmbedMessage||(d.wp.receiveEmbedMessage=function(e){var t=e.data;if((t||t.secret||t.message||t.value)&&!\/[^a-zA-Z0-9]\/.test(t.secret)){for(var s,r,n,a=l.querySelectorAll('iframe[data-secret=\"'+t.secret+'\"]'),o=l.querySelectorAll('blockquote[data-secret=\"'+t.secret+'\"]'),c=new RegExp(\"^https?:$\",\"i\"),i=0;i<o.length;i++)o[i].style.display=\"none\";for(i=0;i<a.length;i++)s=a[i],e.source===s.contentWindow&&(s.removeAttribute(\"style\"),\"height\"===t.message?(1e3<(r=parseInt(t.value,10))?r=1e3:~~r<200&&(r=200),s.height=r):\"link\"===t.message&&(r=new URL(s.getAttribute(\"src\")),n=new URL(t.value),c.test(n.protocol))&&n.host===r.host&&l.activeElement===s&&(d.top.location.href=t.value))}},d.addEventListener(\"message\",d.wp.receiveEmbedMessage,!1),l.addEventListener(\"DOMContentLoaded\",function(){for(var e,t,s=l.querySelectorAll(\"iframe.wp-embedded-content\"),r=0;r<s.length;r++)(t=(e=s[r]).getAttribute(\"data-secret\"))||(t=Math.random().toString(36).substring(2,12),e.src+=\"#?secret=\"+t,e.setAttribute(\"data-secret\",t)),e.contentWindow.postMessage({message:\"ready\",secret:t},\"*\")},!1)))}(window,document);\n\/* ]]> *\/\n<\/script>\n","thumbnail_url":"https:\/\/avrupatv.eu\/wp-content\/uploads\/2025\/01\/erdursun-fopk_cover.png","thumbnail_width":1280,"thumbnail_height":720,"description":"Memur maa\u015flar\u0131na yap\u0131lan son zamlar ve enflasyon oranlar\u0131, kamu \u00e7al\u0131\u015fanlar\u0131n\u0131n gelirlerinde ya\u015fanan kay\u0131plar\u0131 yeniden g\u00fcndeme getirdi. T\u00fcrkiye \u0130statistik Kurumu&#8217;nun (T\u00dc\u0130K) a\u00e7\u0131klad\u0131\u011f\u0131 verilere g\u00f6re 2024 y\u0131l\u0131 enflasyonu %44,38 olarak ger\u00e7ekle\u015firken, memur ve emekli maa\u015flar\u0131na %11,54 oran\u0131nda zam yap\u0131lmas\u0131 kararla\u015ft\u0131r\u0131ld\u0131. Ancak bu oranlar\u0131n yetersiz oldu\u011fu y\u00f6n\u00fcndeki tart\u0131\u015fmalar s\u00fcr\u00fcyor. Memur Sendikalar\u0131 Konfederasyonu (Memur-Sen) Genel Ba\u015fkan\u0131 Ali Yal\u00e7\u0131n, mevcut [&hellip;]"}

Avrupalı Türklerin en Yeni Haber Portalı

Memur ve Emeklilere refah payı nezaman açıklanacak? - Avrupalı Türklerin en Yeni Haber Portalı

<blockquote class="wp-embedded-content" data-secret="dK4wN0yrVz"><a href="https://avrupatv.eu/index.php/2025/01/04/memur-ve-emeklilere-refah-payi-nezaman-aciklanacak/">Memur ve Emeklilere refah payı nezaman açıklanacak?</a></blockquote><iframe sandbox="allow-scripts" security="restricted" src="https://avrupatv.eu/index.php/2025/01/04/memur-ve-emeklilere-refah-payi-nezaman-aciklanacak/embed/#?secret=dK4wN0yrVz" width="600" height="338" title="&#8220;Memur ve Emeklilere refah payı nezaman açıklanacak?&#8221; &#8212; Avrupalı Türklerin en Yeni Haber Portalı" data-secret="dK4wN0yrVz" frameborder="0" marginwidth="0" marginheight="0" scrolling="no" class="wp-embedded-content"></iframe><script type="text/javascript">
/* <![CDATA[ */
/*! This file is auto-generated */
!function(d,l){"use strict";l.querySelector&&d.addEventListener&&"undefined"!=typeof URL&&(d.wp=d.wp||{},d.wp.receiveEmbedMessage||(d.wp.receiveEmbedMessage=function(e){var t=e.data;if((t||t.secret||t.message||t.value)&&!/[^a-zA-Z0-9]/.test(t.secret)){for(var s,r,n,a=l.querySelectorAll('iframe[data-secret="'+t.secret+'"]'),o=l.querySelectorAll('blockquote[data-secret="'+t.secret+'"]'),c=new RegExp("^https?:$","i"),i=0;i<o.length;i++)o[i].style.display="none";for(i=0;i<a.length;i++)s=a[i],e.source===s.contentWindow&&(s.removeAttribute("style"),"height"===t.message?(1e3<(r=parseInt(t.value,10))?r=1e3:~~r<200&&(r=200),s.height=r):"link"===t.message&&(r=new URL(s.getAttribute("src")),n=new URL(t.value),c.test(n.protocol))&&n.host===r.host&&l.activeElement===s&&(d.top.location.href=t.value))}},d.addEventListener("message",d.wp.receiveEmbedMessage,!1),l.addEventListener("DOMContentLoaded",function(){for(var e,t,s=l.querySelectorAll("iframe.wp-embedded-content"),r=0;r<s.length;r++)(t=(e=s[r]).getAttribute("data-secret"))||(t=Math.random().toString(36).substring(2,12),e.src+="#?secret="+t,e.setAttribute("data-secret",t)),e.contentWindow.postMessage({message:"ready",secret:t},"*")},!1)))}(window,document);
/* ]]> */
</script>

Memur maaşlarına yapılan son zamlar ve enflasyon oranları, kamu çalışanlarının gelirlerinde yaşanan kayıpları yeniden gündeme getirdi. Türkiye İstatistik Kurumu&#8217;nun (TÜİK) açıkladığı verilere göre 2024 yılı enflasyonu %44,38 olarak gerçekleşirken, memur ve emekli maaşlarına %11,54 oranında zam yapılması kararlaştırıldı. Ancak bu oranların yetersiz olduğu yönündeki tartışmalar sürüyor. Memur Sendikaları Konfederasyonu (Memur-Sen) Genel Başkanı Ali Yalçın, mevcut [&hellip;]
