{"version":"1.0","provider_name":"Avrupal\u0131 T\u00fcrklerin en Yeni Haber Portal\u0131","provider_url":"https:\/\/avrupatv.eu","author_name":"Onur Akpinar","author_url":"https:\/\/avrupatv.eu\/index.php\/author\/onur-akpinar\/","title":"Bal\u0131kesir'de patlama,ba\u015f\u0131m\u0131z sa\u011folsun. Tam olarak neoldu? - Avrupal\u0131 T\u00fcrklerin en Yeni Haber Portal\u0131","type":"rich","width":600,"height":338,"html":"<blockquote class=\"wp-embedded-content\" data-secret=\"y1g96TzUfQ\"><a href=\"https:\/\/avrupatv.eu\/index.php\/2024\/12\/24\/balikesirde-patlamabasimiz-sagolsun-tam-olarak-neoldu\/\">Bal\u0131kesir&#8217;de patlama,ba\u015f\u0131m\u0131z sa\u011folsun. Tam olarak neoldu?<\/a><\/blockquote><iframe sandbox=\"allow-scripts\" security=\"restricted\" src=\"https:\/\/avrupatv.eu\/index.php\/2024\/12\/24\/balikesirde-patlamabasimiz-sagolsun-tam-olarak-neoldu\/embed\/#?secret=y1g96TzUfQ\" width=\"600\" height=\"338\" title=\"&#8220;Bal\u0131kesir&#8217;de patlama,ba\u015f\u0131m\u0131z sa\u011folsun. Tam olarak neoldu?&#8221; &#8212; Avrupal\u0131 T\u00fcrklerin en Yeni Haber Portal\u0131\" data-secret=\"y1g96TzUfQ\" frameborder=\"0\" marginwidth=\"0\" marginheight=\"0\" scrolling=\"no\" class=\"wp-embedded-content\"><\/iframe><script type=\"text\/javascript\">\n\/* <![CDATA[ *\/\n\/*! This file is auto-generated *\/\n!function(d,l){\"use strict\";l.querySelector&&d.addEventListener&&\"undefined\"!=typeof URL&&(d.wp=d.wp||{},d.wp.receiveEmbedMessage||(d.wp.receiveEmbedMessage=function(e){var t=e.data;if((t||t.secret||t.message||t.value)&&!\/[^a-zA-Z0-9]\/.test(t.secret)){for(var s,r,n,a=l.querySelectorAll('iframe[data-secret=\"'+t.secret+'\"]'),o=l.querySelectorAll('blockquote[data-secret=\"'+t.secret+'\"]'),c=new RegExp(\"^https?:$\",\"i\"),i=0;i<o.length;i++)o[i].style.display=\"none\";for(i=0;i<a.length;i++)s=a[i],e.source===s.contentWindow&&(s.removeAttribute(\"style\"),\"height\"===t.message?(1e3<(r=parseInt(t.value,10))?r=1e3:~~r<200&&(r=200),s.height=r):\"link\"===t.message&&(r=new URL(s.getAttribute(\"src\")),n=new URL(t.value),c.test(n.protocol))&&n.host===r.host&&l.activeElement===s&&(d.top.location.href=t.value))}},d.addEventListener(\"message\",d.wp.receiveEmbedMessage,!1),l.addEventListener(\"DOMContentLoaded\",function(){for(var e,t,s=l.querySelectorAll(\"iframe.wp-embedded-content\"),r=0;r<s.length;r++)(t=(e=s[r]).getAttribute(\"data-secret\"))||(t=Math.random().toString(36).substring(2,12),e.src+=\"#?secret=\"+t,e.setAttribute(\"data-secret\",t)),e.contentWindow.postMessage({message:\"ready\",secret:t},\"*\")},!1)))}(window,document);\n\/* ]]> *\/\n<\/script>\n","thumbnail_url":"https:\/\/avrupatv.eu\/wp-content\/uploads\/2024\/12\/balikesirde-patlayici-uretilen-fabrikada-patlama-meydana-geldi.jpg","thumbnail_width":1280,"thumbnail_height":720,"description":"Bal\u0131kesir\u2019de Patlama: 12 \u00d6l\u00fc, 3 Yaral\u0131Bal\u0131kesir\u2019in Karesi il\u00e7esinde bulunan bir patlay\u0131c\u0131 \u00fcretim tesisinde bu sabah meydana gelen patlamada 12 ki\u015fi hayat\u0131n\u0131 kaybetti, 3 ki\u015fi ise yaraland\u0131. Olay, saat 08:25\u2019te fabrikan\u0131n kaps\u00fcl \u00fcretimi yap\u0131lan b\u00f6l\u00fcm\u00fcnde ger\u00e7ekle\u015fti. Patlaman\u0131n ard\u0131ndan binada \u00e7\u00f6kme meydana geldi\u011fi bildirildi. Yaral\u0131lar h\u0131zla \u00e7evredeki hastanelere kald\u0131r\u0131larak tedavi alt\u0131na al\u0131nd\u0131. Bal\u0131kesir Valisi \u0130smail Ustao\u011flu, olay [&hellip;]"}

Avrupalı Türklerin en Yeni Haber Portalı

Balıkesir'de patlama,başımız sağolsun. Tam olarak neoldu? - Avrupalı Türklerin en Yeni Haber Portalı

<blockquote class="wp-embedded-content" data-secret="y1g96TzUfQ"><a href="https://avrupatv.eu/index.php/2024/12/24/balikesirde-patlamabasimiz-sagolsun-tam-olarak-neoldu/">Balıkesir&#8217;de patlama,başımız sağolsun. Tam olarak neoldu?</a></blockquote><iframe sandbox="allow-scripts" security="restricted" src="https://avrupatv.eu/index.php/2024/12/24/balikesirde-patlamabasimiz-sagolsun-tam-olarak-neoldu/embed/#?secret=y1g96TzUfQ" width="600" height="338" title="&#8220;Balıkesir&#8217;de patlama,başımız sağolsun. Tam olarak neoldu?&#8221; &#8212; Avrupalı Türklerin en Yeni Haber Portalı" data-secret="y1g96TzUfQ" frameborder="0" marginwidth="0" marginheight="0" scrolling="no" class="wp-embedded-content"></iframe><script type="text/javascript">
/* <![CDATA[ */
/*! This file is auto-generated */
!function(d,l){"use strict";l.querySelector&&d.addEventListener&&"undefined"!=typeof URL&&(d.wp=d.wp||{},d.wp.receiveEmbedMessage||(d.wp.receiveEmbedMessage=function(e){var t=e.data;if((t||t.secret||t.message||t.value)&&!/[^a-zA-Z0-9]/.test(t.secret)){for(var s,r,n,a=l.querySelectorAll('iframe[data-secret="'+t.secret+'"]'),o=l.querySelectorAll('blockquote[data-secret="'+t.secret+'"]'),c=new RegExp("^https?:$","i"),i=0;i<o.length;i++)o[i].style.display="none";for(i=0;i<a.length;i++)s=a[i],e.source===s.contentWindow&&(s.removeAttribute("style"),"height"===t.message?(1e3<(r=parseInt(t.value,10))?r=1e3:~~r<200&&(r=200),s.height=r):"link"===t.message&&(r=new URL(s.getAttribute("src")),n=new URL(t.value),c.test(n.protocol))&&n.host===r.host&&l.activeElement===s&&(d.top.location.href=t.value))}},d.addEventListener("message",d.wp.receiveEmbedMessage,!1),l.addEventListener("DOMContentLoaded",function(){for(var e,t,s=l.querySelectorAll("iframe.wp-embedded-content"),r=0;r<s.length;r++)(t=(e=s[r]).getAttribute("data-secret"))||(t=Math.random().toString(36).substring(2,12),e.src+="#?secret="+t,e.setAttribute("data-secret",t)),e.contentWindow.postMessage({message:"ready",secret:t},"*")},!1)))}(window,document);
/* ]]> */
</script>

Balıkesir’de Patlama: 12 Ölü, 3 YaralıBalıkesir’in Karesi ilçesinde bulunan bir patlayıcı üretim tesisinde bu sabah meydana gelen patlamada 12 kişi hayatını kaybetti, 3 kişi ise yaralandı. Olay, saat 08:25’te fabrikanın kapsül üretimi yapılan bölümünde gerçekleşti. Patlamanın ardından binada çökme meydana geldiği bildirildi. Yaralılar hızla çevredeki hastanelere kaldırılarak tedavi altına alındı. Balıkesir Valisi İsmail Ustaoğlu, olay [&hellip;]
