{"version":"1.0","provider_name":"Avrupal\u0131 T\u00fcrklerin en Yeni Haber Portal\u0131","provider_url":"https:\/\/avrupatv.eu","author_name":"Onur Akpinar","author_url":"https:\/\/avrupatv.eu\/index.php\/author\/onur-akpinar\/","title":"Taraftarlar \u00e7\u0131ld\u0131rd\u0131 \u015fike iddias\u0131 var! - Avrupal\u0131 T\u00fcrklerin en Yeni Haber Portal\u0131","type":"rich","width":600,"height":338,"html":"<blockquote class=\"wp-embedded-content\" data-secret=\"6YLks3YcmR\"><a href=\"https:\/\/avrupatv.eu\/index.php\/2024\/12\/22\/taraftarlar-cildirdi-sike-iddiasi-var\/\">Taraftarlar \u00e7\u0131ld\u0131rd\u0131 \u015fike iddias\u0131 var!<\/a><\/blockquote><iframe sandbox=\"allow-scripts\" security=\"restricted\" src=\"https:\/\/avrupatv.eu\/index.php\/2024\/12\/22\/taraftarlar-cildirdi-sike-iddiasi-var\/embed\/#?secret=6YLks3YcmR\" width=\"600\" height=\"338\" title=\"&#8220;Taraftarlar \u00e7\u0131ld\u0131rd\u0131 \u015fike iddias\u0131 var!&#8221; &#8212; Avrupal\u0131 T\u00fcrklerin en Yeni Haber Portal\u0131\" data-secret=\"6YLks3YcmR\" frameborder=\"0\" marginwidth=\"0\" marginheight=\"0\" scrolling=\"no\" class=\"wp-embedded-content\"><\/iframe><script type=\"text\/javascript\">\n\/* <![CDATA[ *\/\n\/*! This file is auto-generated *\/\n!function(d,l){\"use strict\";l.querySelector&&d.addEventListener&&\"undefined\"!=typeof URL&&(d.wp=d.wp||{},d.wp.receiveEmbedMessage||(d.wp.receiveEmbedMessage=function(e){var t=e.data;if((t||t.secret||t.message||t.value)&&!\/[^a-zA-Z0-9]\/.test(t.secret)){for(var s,r,n,a=l.querySelectorAll('iframe[data-secret=\"'+t.secret+'\"]'),o=l.querySelectorAll('blockquote[data-secret=\"'+t.secret+'\"]'),c=new RegExp(\"^https?:$\",\"i\"),i=0;i<o.length;i++)o[i].style.display=\"none\";for(i=0;i<a.length;i++)s=a[i],e.source===s.contentWindow&&(s.removeAttribute(\"style\"),\"height\"===t.message?(1e3<(r=parseInt(t.value,10))?r=1e3:~~r<200&&(r=200),s.height=r):\"link\"===t.message&&(r=new URL(s.getAttribute(\"src\")),n=new URL(t.value),c.test(n.protocol))&&n.host===r.host&&l.activeElement===s&&(d.top.location.href=t.value))}},d.addEventListener(\"message\",d.wp.receiveEmbedMessage,!1),l.addEventListener(\"DOMContentLoaded\",function(){for(var e,t,s=l.querySelectorAll(\"iframe.wp-embedded-content\"),r=0;r<s.length;r++)(t=(e=s[r]).getAttribute(\"data-secret\"))||(t=Math.random().toString(36).substring(2,12),e.src+=\"#?secret=\"+t,e.setAttribute(\"data-secret\",t)),e.contentWindow.postMessage({message:\"ready\",secret:t},\"*\")},!1)))}(window,document);\n\/* ]]> *\/\n<\/script>\n","thumbnail_url":"https:\/\/avrupatv.eu\/wp-content\/uploads\/2024\/12\/keep-14.png","thumbnail_width":500,"thumbnail_height":300,"description":"Kayserispor-Galatasaray Ma\u00e7\u0131 \u00d6ncesi &#8220;Vefa \u015eikesi&#8221; \u0130ddias\u0131. Galatasaray ile Kayserispor aras\u0131nda oynanacak S\u00fcper Lig ma\u00e7\u0131 \u00f6ncesinde, Erden Timur&#8217;un ge\u00e7mi\u015fte Kayserispor&#8217;a transfer yasa\u011f\u0131n\u0131 kald\u0131rma konusunda sa\u011flad\u0131\u011f\u0131 destek baz\u0131 \u00e7evrelerde tart\u0131\u015fma konusu oldu. Bu durum, \u00f6zellikle sosyal medyada &#8220;vefa \u015fikesi&#8221; iddialar\u0131n\u0131 g\u00fcndeme getirdi. Baz\u0131 taraftarlar, Galatasaray&#8217;\u0131n Kayserispor&#8217;a yard\u0131m etmesinin, ma\u00e7ta Kayserispor\u2019un performans\u0131n\u0131 etkileyebilece\u011fini \u00f6ne s\u00fcrd\u00fc. Ancak hem Galatasaray [&hellip;]"}

Avrupalı Türklerin en Yeni Haber Portalı

Taraftarlar çıldırdı şike iddiası var! - Avrupalı Türklerin en Yeni Haber Portalı

<blockquote class="wp-embedded-content" data-secret="6YLks3YcmR"><a href="https://avrupatv.eu/index.php/2024/12/22/taraftarlar-cildirdi-sike-iddiasi-var/">Taraftarlar çıldırdı şike iddiası var!</a></blockquote><iframe sandbox="allow-scripts" security="restricted" src="https://avrupatv.eu/index.php/2024/12/22/taraftarlar-cildirdi-sike-iddiasi-var/embed/#?secret=6YLks3YcmR" width="600" height="338" title="&#8220;Taraftarlar çıldırdı şike iddiası var!&#8221; &#8212; Avrupalı Türklerin en Yeni Haber Portalı" data-secret="6YLks3YcmR" frameborder="0" marginwidth="0" marginheight="0" scrolling="no" class="wp-embedded-content"></iframe><script type="text/javascript">
/* <![CDATA[ */
/*! This file is auto-generated */
!function(d,l){"use strict";l.querySelector&&d.addEventListener&&"undefined"!=typeof URL&&(d.wp=d.wp||{},d.wp.receiveEmbedMessage||(d.wp.receiveEmbedMessage=function(e){var t=e.data;if((t||t.secret||t.message||t.value)&&!/[^a-zA-Z0-9]/.test(t.secret)){for(var s,r,n,a=l.querySelectorAll('iframe[data-secret="'+t.secret+'"]'),o=l.querySelectorAll('blockquote[data-secret="'+t.secret+'"]'),c=new RegExp("^https?:$","i"),i=0;i<o.length;i++)o[i].style.display="none";for(i=0;i<a.length;i++)s=a[i],e.source===s.contentWindow&&(s.removeAttribute("style"),"height"===t.message?(1e3<(r=parseInt(t.value,10))?r=1e3:~~r<200&&(r=200),s.height=r):"link"===t.message&&(r=new URL(s.getAttribute("src")),n=new URL(t.value),c.test(n.protocol))&&n.host===r.host&&l.activeElement===s&&(d.top.location.href=t.value))}},d.addEventListener("message",d.wp.receiveEmbedMessage,!1),l.addEventListener("DOMContentLoaded",function(){for(var e,t,s=l.querySelectorAll("iframe.wp-embedded-content"),r=0;r<s.length;r++)(t=(e=s[r]).getAttribute("data-secret"))||(t=Math.random().toString(36).substring(2,12),e.src+="#?secret="+t,e.setAttribute("data-secret",t)),e.contentWindow.postMessage({message:"ready",secret:t},"*")},!1)))}(window,document);
/* ]]> */
</script>

Kayserispor-Galatasaray Maçı Öncesi &#8220;Vefa Şikesi&#8221; İddiası. Galatasaray ile Kayserispor arasında oynanacak Süper Lig maçı öncesinde, Erden Timur&#8217;un geçmişte Kayserispor&#8217;a transfer yasağını kaldırma konusunda sağladığı destek bazı çevrelerde tartışma konusu oldu. Bu durum, özellikle sosyal medyada &#8220;vefa şikesi&#8221; iddialarını gündeme getirdi. Bazı taraftarlar, Galatasaray&#8217;ın Kayserispor&#8217;a yardım etmesinin, maçta Kayserispor’un performansını etkileyebileceğini öne sürdü. Ancak hem Galatasaray [&hellip;]
