{"version":"1.0","provider_name":"Avrupal\u0131 T\u00fcrklerin en Yeni Haber Portal\u0131","provider_url":"https:\/\/avrupatv.eu","author_name":"Onur Akpinar","author_url":"https:\/\/avrupatv.eu\/index.php\/author\/onur-akpinar\/","title":"Milli sporcumuz hayat\u0131n\u0131 kaybetti. Neden ve nas\u0131l? - Avrupal\u0131 T\u00fcrklerin en Yeni Haber Portal\u0131","type":"rich","width":600,"height":338,"html":"<blockquote class=\"wp-embedded-content\" data-secret=\"oRb4dagLHo\"><a href=\"https:\/\/avrupatv.eu\/index.php\/2024\/12\/21\/milli-sporcumuz-hayatini-kaybetti-neden-ve-nasil\/\">Milli sporcumuz hayat\u0131n\u0131 kaybetti. Neden ve nas\u0131l?<\/a><\/blockquote><iframe sandbox=\"allow-scripts\" security=\"restricted\" src=\"https:\/\/avrupatv.eu\/index.php\/2024\/12\/21\/milli-sporcumuz-hayatini-kaybetti-neden-ve-nasil\/embed\/#?secret=oRb4dagLHo\" width=\"600\" height=\"338\" title=\"&#8220;Milli sporcumuz hayat\u0131n\u0131 kaybetti. Neden ve nas\u0131l?&#8221; &#8212; Avrupal\u0131 T\u00fcrklerin en Yeni Haber Portal\u0131\" data-secret=\"oRb4dagLHo\" frameborder=\"0\" marginwidth=\"0\" marginheight=\"0\" scrolling=\"no\" class=\"wp-embedded-content\"><\/iframe><script type=\"text\/javascript\">\n\/* <![CDATA[ *\/\n\/*! This file is auto-generated *\/\n!function(d,l){\"use strict\";l.querySelector&&d.addEventListener&&\"undefined\"!=typeof URL&&(d.wp=d.wp||{},d.wp.receiveEmbedMessage||(d.wp.receiveEmbedMessage=function(e){var t=e.data;if((t||t.secret||t.message||t.value)&&!\/[^a-zA-Z0-9]\/.test(t.secret)){for(var s,r,n,a=l.querySelectorAll('iframe[data-secret=\"'+t.secret+'\"]'),o=l.querySelectorAll('blockquote[data-secret=\"'+t.secret+'\"]'),c=new RegExp(\"^https?:$\",\"i\"),i=0;i<o.length;i++)o[i].style.display=\"none\";for(i=0;i<a.length;i++)s=a[i],e.source===s.contentWindow&&(s.removeAttribute(\"style\"),\"height\"===t.message?(1e3<(r=parseInt(t.value,10))?r=1e3:~~r<200&&(r=200),s.height=r):\"link\"===t.message&&(r=new URL(s.getAttribute(\"src\")),n=new URL(t.value),c.test(n.protocol))&&n.host===r.host&&l.activeElement===s&&(d.top.location.href=t.value))}},d.addEventListener(\"message\",d.wp.receiveEmbedMessage,!1),l.addEventListener(\"DOMContentLoaded\",function(){for(var e,t,s=l.querySelectorAll(\"iframe.wp-embedded-content\"),r=0;r<s.length;r++)(t=(e=s[r]).getAttribute(\"data-secret\"))||(t=Math.random().toString(36).substring(2,12),e.src+=\"#?secret=\"+t,e.setAttribute(\"data-secret\",t)),e.contentWindow.postMessage({message:\"ready\",secret:t},\"*\")},!1)))}(window,document);\n\/* ]]> *\/\n<\/script>\n","thumbnail_url":"https:\/\/avrupatv.eu\/wp-content\/uploads\/2024\/12\/emre-yazgan-judo.jpg","thumbnail_width":600,"thumbnail_height":729,"description":"T\u00fcrk spor camias\u0131n\u0131n gen\u00e7 ve gelecek vadeden yeteneklerinden biri olan 16 ya\u015f\u0131ndaki milli judocu Emre Yazgan, Erzurum Paland\u00f6ken Da\u011f\u0131&#8217;nda meydana gelen \u00e7\u0131\u011f felaketinde hayat\u0131n\u0131 kaybetti. T\u00fcrkiye Judo Milli Tak\u0131m\u0131&#8217;n\u0131n y\u00fcksek irtifa kamp\u0131 s\u0131ras\u0131nda antren\u00f6rleriyle birlikte \u00e7\u0131kt\u0131\u011f\u0131 do\u011fa y\u00fcr\u00fcy\u00fc\u015f\u00fcnde \u00e7\u0131\u011f alt\u0131nda kalan Yazgan, yap\u0131lan t\u00fcm m\u00fcdahalelere ra\u011fmen kurtar\u0131lamad\u0131.T\u00fcrkiye Judo Federasyonu&#8217;ndan Ba\u015fsa\u011fl\u0131\u011f\u0131 Mesaj\u0131T\u00fcrkiye Judo Federasyonu, sosyal medya [&hellip;]"}

Avrupalı Türklerin en Yeni Haber Portalı

Milli sporcumuz hayatını kaybetti. Neden ve nasıl? - Avrupalı Türklerin en Yeni Haber Portalı

<blockquote class="wp-embedded-content" data-secret="oRb4dagLHo"><a href="https://avrupatv.eu/index.php/2024/12/21/milli-sporcumuz-hayatini-kaybetti-neden-ve-nasil/">Milli sporcumuz hayatını kaybetti. Neden ve nasıl?</a></blockquote><iframe sandbox="allow-scripts" security="restricted" src="https://avrupatv.eu/index.php/2024/12/21/milli-sporcumuz-hayatini-kaybetti-neden-ve-nasil/embed/#?secret=oRb4dagLHo" width="600" height="338" title="&#8220;Milli sporcumuz hayatını kaybetti. Neden ve nasıl?&#8221; &#8212; Avrupalı Türklerin en Yeni Haber Portalı" data-secret="oRb4dagLHo" frameborder="0" marginwidth="0" marginheight="0" scrolling="no" class="wp-embedded-content"></iframe><script type="text/javascript">
/* <![CDATA[ */
/*! This file is auto-generated */
!function(d,l){"use strict";l.querySelector&&d.addEventListener&&"undefined"!=typeof URL&&(d.wp=d.wp||{},d.wp.receiveEmbedMessage||(d.wp.receiveEmbedMessage=function(e){var t=e.data;if((t||t.secret||t.message||t.value)&&!/[^a-zA-Z0-9]/.test(t.secret)){for(var s,r,n,a=l.querySelectorAll('iframe[data-secret="'+t.secret+'"]'),o=l.querySelectorAll('blockquote[data-secret="'+t.secret+'"]'),c=new RegExp("^https?:$","i"),i=0;i<o.length;i++)o[i].style.display="none";for(i=0;i<a.length;i++)s=a[i],e.source===s.contentWindow&&(s.removeAttribute("style"),"height"===t.message?(1e3<(r=parseInt(t.value,10))?r=1e3:~~r<200&&(r=200),s.height=r):"link"===t.message&&(r=new URL(s.getAttribute("src")),n=new URL(t.value),c.test(n.protocol))&&n.host===r.host&&l.activeElement===s&&(d.top.location.href=t.value))}},d.addEventListener("message",d.wp.receiveEmbedMessage,!1),l.addEventListener("DOMContentLoaded",function(){for(var e,t,s=l.querySelectorAll("iframe.wp-embedded-content"),r=0;r<s.length;r++)(t=(e=s[r]).getAttribute("data-secret"))||(t=Math.random().toString(36).substring(2,12),e.src+="#?secret="+t,e.setAttribute("data-secret",t)),e.contentWindow.postMessage({message:"ready",secret:t},"*")},!1)))}(window,document);
/* ]]> */
</script>

Türk spor camiasının genç ve gelecek vadeden yeteneklerinden biri olan 16 yaşındaki milli judocu Emre Yazgan, Erzurum Palandöken Dağı&#8217;nda meydana gelen çığ felaketinde hayatını kaybetti. Türkiye Judo Milli Takımı&#8217;nın yüksek irtifa kampı sırasında antrenörleriyle birlikte çıktığı doğa yürüyüşünde çığ altında kalan Yazgan, yapılan tüm müdahalelere rağmen kurtarılamadı.Türkiye Judo Federasyonu&#8217;ndan Başsağlığı MesajıTürkiye Judo Federasyonu, sosyal medya [&hellip;]
