{"version":"1.0","provider_name":"Avrupal\u0131 T\u00fcrklerin en Yeni Haber Portal\u0131","provider_url":"https:\/\/avrupatv.eu","author_name":"Onur Akpinar","author_url":"https:\/\/avrupatv.eu\/index.php\/author\/onur-akpinar\/","title":"Cercle Brugge Ba\u015fak\u015fehir ile kar\u015f\u0131la\u015f\u0131yor - Avrupal\u0131 T\u00fcrklerin en Yeni Haber Portal\u0131","type":"rich","width":600,"height":338,"html":"<blockquote class=\"wp-embedded-content\" data-secret=\"HUU8uZPS0s\"><a href=\"https:\/\/avrupatv.eu\/index.php\/2024\/12\/19\/cercle-brugge-basaksehir-ile-karsilasiyor\/\">Cercle Brugge Ba\u015fak\u015fehir ile kar\u015f\u0131la\u015f\u0131yor<\/a><\/blockquote><iframe sandbox=\"allow-scripts\" security=\"restricted\" src=\"https:\/\/avrupatv.eu\/index.php\/2024\/12\/19\/cercle-brugge-basaksehir-ile-karsilasiyor\/embed\/#?secret=HUU8uZPS0s\" width=\"600\" height=\"338\" title=\"&#8220;Cercle Brugge Ba\u015fak\u015fehir ile kar\u015f\u0131la\u015f\u0131yor&#8221; &#8212; Avrupal\u0131 T\u00fcrklerin en Yeni Haber Portal\u0131\" data-secret=\"HUU8uZPS0s\" frameborder=\"0\" marginwidth=\"0\" marginheight=\"0\" scrolling=\"no\" class=\"wp-embedded-content\"><\/iframe><script type=\"text\/javascript\">\n\/* <![CDATA[ *\/\n\/*! This file is auto-generated *\/\n!function(d,l){\"use strict\";l.querySelector&&d.addEventListener&&\"undefined\"!=typeof URL&&(d.wp=d.wp||{},d.wp.receiveEmbedMessage||(d.wp.receiveEmbedMessage=function(e){var t=e.data;if((t||t.secret||t.message||t.value)&&!\/[^a-zA-Z0-9]\/.test(t.secret)){for(var s,r,n,a=l.querySelectorAll('iframe[data-secret=\"'+t.secret+'\"]'),o=l.querySelectorAll('blockquote[data-secret=\"'+t.secret+'\"]'),c=new RegExp(\"^https?:$\",\"i\"),i=0;i<o.length;i++)o[i].style.display=\"none\";for(i=0;i<a.length;i++)s=a[i],e.source===s.contentWindow&&(s.removeAttribute(\"style\"),\"height\"===t.message?(1e3<(r=parseInt(t.value,10))?r=1e3:~~r<200&&(r=200),s.height=r):\"link\"===t.message&&(r=new URL(s.getAttribute(\"src\")),n=new URL(t.value),c.test(n.protocol))&&n.host===r.host&&l.activeElement===s&&(d.top.location.href=t.value))}},d.addEventListener(\"message\",d.wp.receiveEmbedMessage,!1),l.addEventListener(\"DOMContentLoaded\",function(){for(var e,t,s=l.querySelectorAll(\"iframe.wp-embedded-content\"),r=0;r<s.length;r++)(t=(e=s[r]).getAttribute(\"data-secret\"))||(t=Math.random().toString(36).substring(2,12),e.src+=\"#?secret=\"+t,e.setAttribute(\"data-secret\",t)),e.contentWindow.postMessage({message:\"ready\",secret:t},\"*\")},!1)))}(window,document);\n\/* ]]> *\/\n<\/script>\n","thumbnail_url":"https:\/\/avrupatv.eu\/wp-content\/uploads\/2024\/12\/okn01496jpg-860x573-1.jpg","thumbnail_width":860,"thumbnail_height":573,"description":"Cercle Brugge ile Ba\u015fak\u015fehir aras\u0131ndaki UEFA Konferans Ligi 6. hafta ma\u00e7\u0131, 19 Aral\u0131k 2024 Per\u015fembe g\u00fcn\u00fc saat 23:00&#8217;te Bel\u00e7ika&#8217;n\u0131n Brugge \u015fehrindeki Jan Breydel Stad\u0131&#8217;nda oynanacak. M\u00fcsabaka, TRT 1 ekranlar\u0131ndan canl\u0131 olarak yay\u0131nlanacak. Muhtemel 11&#8217;ler: Ba\u015fak\u015fehir: Deniz, Duarte, Ba, Opoku, Lima, Berat, Crespo, Deniz T\u00fcr\u00fc\u00e7, Kemen, Davidson, Piatek. Ba\u015fak\u015fehir, son ma\u00e7\u0131nda galip gelerek gruptan \u00e7\u0131kma \u015fans\u0131n\u0131 [&hellip;]"}

Avrupalı Türklerin en Yeni Haber Portalı

Cercle Brugge Başakşehir ile karşılaşıyor - Avrupalı Türklerin en Yeni Haber Portalı

<blockquote class="wp-embedded-content" data-secret="HUU8uZPS0s"><a href="https://avrupatv.eu/index.php/2024/12/19/cercle-brugge-basaksehir-ile-karsilasiyor/">Cercle Brugge Başakşehir ile karşılaşıyor</a></blockquote><iframe sandbox="allow-scripts" security="restricted" src="https://avrupatv.eu/index.php/2024/12/19/cercle-brugge-basaksehir-ile-karsilasiyor/embed/#?secret=HUU8uZPS0s" width="600" height="338" title="&#8220;Cercle Brugge Başakşehir ile karşılaşıyor&#8221; &#8212; Avrupalı Türklerin en Yeni Haber Portalı" data-secret="HUU8uZPS0s" frameborder="0" marginwidth="0" marginheight="0" scrolling="no" class="wp-embedded-content"></iframe><script type="text/javascript">
/* <![CDATA[ */
/*! This file is auto-generated */
!function(d,l){"use strict";l.querySelector&&d.addEventListener&&"undefined"!=typeof URL&&(d.wp=d.wp||{},d.wp.receiveEmbedMessage||(d.wp.receiveEmbedMessage=function(e){var t=e.data;if((t||t.secret||t.message||t.value)&&!/[^a-zA-Z0-9]/.test(t.secret)){for(var s,r,n,a=l.querySelectorAll('iframe[data-secret="'+t.secret+'"]'),o=l.querySelectorAll('blockquote[data-secret="'+t.secret+'"]'),c=new RegExp("^https?:$","i"),i=0;i<o.length;i++)o[i].style.display="none";for(i=0;i<a.length;i++)s=a[i],e.source===s.contentWindow&&(s.removeAttribute("style"),"height"===t.message?(1e3<(r=parseInt(t.value,10))?r=1e3:~~r<200&&(r=200),s.height=r):"link"===t.message&&(r=new URL(s.getAttribute("src")),n=new URL(t.value),c.test(n.protocol))&&n.host===r.host&&l.activeElement===s&&(d.top.location.href=t.value))}},d.addEventListener("message",d.wp.receiveEmbedMessage,!1),l.addEventListener("DOMContentLoaded",function(){for(var e,t,s=l.querySelectorAll("iframe.wp-embedded-content"),r=0;r<s.length;r++)(t=(e=s[r]).getAttribute("data-secret"))||(t=Math.random().toString(36).substring(2,12),e.src+="#?secret="+t,e.setAttribute("data-secret",t)),e.contentWindow.postMessage({message:"ready",secret:t},"*")},!1)))}(window,document);
/* ]]> */
</script>

Cercle Brugge ile Başakşehir arasındaki UEFA Konferans Ligi 6. hafta maçı, 19 Aralık 2024 Perşembe günü saat 23:00&#8217;te Belçika&#8217;nın Brugge şehrindeki Jan Breydel Stadı&#8217;nda oynanacak. Müsabaka, TRT 1 ekranlarından canlı olarak yayınlanacak. Muhtemel 11&#8217;ler: Başakşehir: Deniz, Duarte, Ba, Opoku, Lima, Berat, Crespo, Deniz Türüç, Kemen, Davidson, Piatek. Başakşehir, son maçında galip gelerek gruptan çıkma şansını [&hellip;]
