{"version":"1.0","provider_name":"Avrupal\u0131 T\u00fcrklerin en Yeni Haber Portal\u0131","provider_url":"https:\/\/avrupatv.eu","author_name":"Onur Akpinar","author_url":"https:\/\/avrupatv.eu\/index.php\/author\/onur-akpinar\/","title":"\u0130brahim Hac\u0131osmano\u011flu Canl\u0131 Yay\u0131n\u0131 Ne Zaman ve Nerede? - Avrupal\u0131 T\u00fcrklerin en Yeni Haber Portal\u0131","type":"rich","width":600,"height":338,"html":"<blockquote class=\"wp-embedded-content\" data-secret=\"iIxvQjT8hs\"><a href=\"https:\/\/avrupatv.eu\/index.php\/2024\/12\/05\/ibrahim-haciosmanoglu-canli-yayini-ne-zaman-ve-nerede\/\">\u0130brahim Hac\u0131osmano\u011flu Canl\u0131 Yay\u0131n\u0131 Ne Zaman ve Nerede?<\/a><\/blockquote><iframe sandbox=\"allow-scripts\" security=\"restricted\" src=\"https:\/\/avrupatv.eu\/index.php\/2024\/12\/05\/ibrahim-haciosmanoglu-canli-yayini-ne-zaman-ve-nerede\/embed\/#?secret=iIxvQjT8hs\" width=\"600\" height=\"338\" title=\"&#8220;\u0130brahim Hac\u0131osmano\u011flu Canl\u0131 Yay\u0131n\u0131 Ne Zaman ve Nerede?&#8221; &#8212; Avrupal\u0131 T\u00fcrklerin en Yeni Haber Portal\u0131\" data-secret=\"iIxvQjT8hs\" frameborder=\"0\" marginwidth=\"0\" marginheight=\"0\" scrolling=\"no\" class=\"wp-embedded-content\"><\/iframe><script type=\"text\/javascript\">\n\/* <![CDATA[ *\/\n\/*! This file is auto-generated *\/\n!function(d,l){\"use strict\";l.querySelector&&d.addEventListener&&\"undefined\"!=typeof URL&&(d.wp=d.wp||{},d.wp.receiveEmbedMessage||(d.wp.receiveEmbedMessage=function(e){var t=e.data;if((t||t.secret||t.message||t.value)&&!\/[^a-zA-Z0-9]\/.test(t.secret)){for(var s,r,n,a=l.querySelectorAll('iframe[data-secret=\"'+t.secret+'\"]'),o=l.querySelectorAll('blockquote[data-secret=\"'+t.secret+'\"]'),c=new RegExp(\"^https?:$\",\"i\"),i=0;i<o.length;i++)o[i].style.display=\"none\";for(i=0;i<a.length;i++)s=a[i],e.source===s.contentWindow&&(s.removeAttribute(\"style\"),\"height\"===t.message?(1e3<(r=parseInt(t.value,10))?r=1e3:~~r<200&&(r=200),s.height=r):\"link\"===t.message&&(r=new URL(s.getAttribute(\"src\")),n=new URL(t.value),c.test(n.protocol))&&n.host===r.host&&l.activeElement===s&&(d.top.location.href=t.value))}},d.addEventListener(\"message\",d.wp.receiveEmbedMessage,!1),l.addEventListener(\"DOMContentLoaded\",function(){for(var e,t,s=l.querySelectorAll(\"iframe.wp-embedded-content\"),r=0;r<s.length;r++)(t=(e=s[r]).getAttribute(\"data-secret\"))||(t=Math.random().toString(36).substring(2,12),e.src+=\"#?secret=\"+t,e.setAttribute(\"data-secret\",t)),e.contentWindow.postMessage({message:\"ready\",secret:t},\"*\")},!1)))}(window,document);\n\/* ]]> *\/\n<\/script>\n","thumbnail_url":"https:\/\/avrupatv.eu\/wp-content\/uploads\/2024\/12\/1.webp","thumbnail_width":750,"thumbnail_height":422,"description":"TFF Ba\u015fkan\u0131 \u0130brahim Hac\u0131osmano\u011flu, futbol g\u00fcndemine dair a\u00e7\u0131klamalarda bulunmak \u00fczere 5 Aral\u0131k Per\u015fembe g\u00fcn\u00fc saat 20.00&#8217;de TRT Spor ekranlar\u0131nda canl\u0131 yay\u0131nda olacak. Bu programda, Galatasaray Ba\u015fkan\u0131 Dursun \u00d6zbek\u2019in A Spor\u2019da yapt\u0131\u011f\u0131 a\u00e7\u0131klamalara yan\u0131t vermesi ve g\u00fcndeme ili\u015fkin de\u011ferlendirmelerde bulunmas\u0131 bekleniyor. \u0130brahim Hac\u0131osmano\u011flu Kimdir? Yay\u0131n\u0131 izlemek i\u00e7in TRT Spor kanal\u0131n\u0131 takip edebilir ya da kanal\u0131n resmi [&hellip;]"}

Avrupalı Türklerin en Yeni Haber Portalı

İbrahim Hacıosmanoğlu Canlı Yayını Ne Zaman ve Nerede? - Avrupalı Türklerin en Yeni Haber Portalı

<blockquote class="wp-embedded-content" data-secret="iIxvQjT8hs"><a href="https://avrupatv.eu/index.php/2024/12/05/ibrahim-haciosmanoglu-canli-yayini-ne-zaman-ve-nerede/">İbrahim Hacıosmanoğlu Canlı Yayını Ne Zaman ve Nerede?</a></blockquote><iframe sandbox="allow-scripts" security="restricted" src="https://avrupatv.eu/index.php/2024/12/05/ibrahim-haciosmanoglu-canli-yayini-ne-zaman-ve-nerede/embed/#?secret=iIxvQjT8hs" width="600" height="338" title="&#8220;İbrahim Hacıosmanoğlu Canlı Yayını Ne Zaman ve Nerede?&#8221; &#8212; Avrupalı Türklerin en Yeni Haber Portalı" data-secret="iIxvQjT8hs" frameborder="0" marginwidth="0" marginheight="0" scrolling="no" class="wp-embedded-content"></iframe><script type="text/javascript">
/* <![CDATA[ */
/*! This file is auto-generated */
!function(d,l){"use strict";l.querySelector&&d.addEventListener&&"undefined"!=typeof URL&&(d.wp=d.wp||{},d.wp.receiveEmbedMessage||(d.wp.receiveEmbedMessage=function(e){var t=e.data;if((t||t.secret||t.message||t.value)&&!/[^a-zA-Z0-9]/.test(t.secret)){for(var s,r,n,a=l.querySelectorAll('iframe[data-secret="'+t.secret+'"]'),o=l.querySelectorAll('blockquote[data-secret="'+t.secret+'"]'),c=new RegExp("^https?:$","i"),i=0;i<o.length;i++)o[i].style.display="none";for(i=0;i<a.length;i++)s=a[i],e.source===s.contentWindow&&(s.removeAttribute("style"),"height"===t.message?(1e3<(r=parseInt(t.value,10))?r=1e3:~~r<200&&(r=200),s.height=r):"link"===t.message&&(r=new URL(s.getAttribute("src")),n=new URL(t.value),c.test(n.protocol))&&n.host===r.host&&l.activeElement===s&&(d.top.location.href=t.value))}},d.addEventListener("message",d.wp.receiveEmbedMessage,!1),l.addEventListener("DOMContentLoaded",function(){for(var e,t,s=l.querySelectorAll("iframe.wp-embedded-content"),r=0;r<s.length;r++)(t=(e=s[r]).getAttribute("data-secret"))||(t=Math.random().toString(36).substring(2,12),e.src+="#?secret="+t,e.setAttribute("data-secret",t)),e.contentWindow.postMessage({message:"ready",secret:t},"*")},!1)))}(window,document);
/* ]]> */
</script>

TFF Başkanı İbrahim Hacıosmanoğlu, futbol gündemine dair açıklamalarda bulunmak üzere 5 Aralık Perşembe günü saat 20.00&#8217;de TRT Spor ekranlarında canlı yayında olacak. Bu programda, Galatasaray Başkanı Dursun Özbek’in A Spor’da yaptığı açıklamalara yanıt vermesi ve gündeme ilişkin değerlendirmelerde bulunması bekleniyor. İbrahim Hacıosmanoğlu Kimdir? Yayını izlemek için TRT Spor kanalını takip edebilir ya da kanalın resmi [&hellip;]
