{"version":"1.0","provider_name":"Avrupal\u0131 T\u00fcrklerin en Yeni Haber Portal\u0131","provider_url":"https:\/\/avrupatv.eu","author_name":"Onur Akpinar","author_url":"https:\/\/avrupatv.eu\/index.php\/author\/onur-akpinar\/","title":"Galatasaray'dan \u00e7\u0131ld\u0131rtan payla\u015f\u0131m - Avrupal\u0131 T\u00fcrklerin en Yeni Haber Portal\u0131","type":"rich","width":600,"height":338,"html":"<blockquote class=\"wp-embedded-content\" data-secret=\"lIwRrLObeF\"><a href=\"https:\/\/avrupatv.eu\/index.php\/2024\/12\/04\/galatasaraydan-cildirtan-paylasim\/\">Galatasaray&#8217;dan \u00e7\u0131ld\u0131rtan payla\u015f\u0131m<\/a><\/blockquote><iframe sandbox=\"allow-scripts\" security=\"restricted\" src=\"https:\/\/avrupatv.eu\/index.php\/2024\/12\/04\/galatasaraydan-cildirtan-paylasim\/embed\/#?secret=lIwRrLObeF\" width=\"600\" height=\"338\" title=\"&#8220;Galatasaray&#8217;dan \u00e7\u0131ld\u0131rtan payla\u015f\u0131m&#8221; &#8212; Avrupal\u0131 T\u00fcrklerin en Yeni Haber Portal\u0131\" data-secret=\"lIwRrLObeF\" frameborder=\"0\" marginwidth=\"0\" marginheight=\"0\" scrolling=\"no\" class=\"wp-embedded-content\"><\/iframe><script type=\"text\/javascript\">\n\/* <![CDATA[ *\/\n\/*! This file is auto-generated *\/\n!function(d,l){\"use strict\";l.querySelector&&d.addEventListener&&\"undefined\"!=typeof URL&&(d.wp=d.wp||{},d.wp.receiveEmbedMessage||(d.wp.receiveEmbedMessage=function(e){var t=e.data;if((t||t.secret||t.message||t.value)&&!\/[^a-zA-Z0-9]\/.test(t.secret)){for(var s,r,n,a=l.querySelectorAll('iframe[data-secret=\"'+t.secret+'\"]'),o=l.querySelectorAll('blockquote[data-secret=\"'+t.secret+'\"]'),c=new RegExp(\"^https?:$\",\"i\"),i=0;i<o.length;i++)o[i].style.display=\"none\";for(i=0;i<a.length;i++)s=a[i],e.source===s.contentWindow&&(s.removeAttribute(\"style\"),\"height\"===t.message?(1e3<(r=parseInt(t.value,10))?r=1e3:~~r<200&&(r=200),s.height=r):\"link\"===t.message&&(r=new URL(s.getAttribute(\"src\")),n=new URL(t.value),c.test(n.protocol))&&n.host===r.host&&l.activeElement===s&&(d.top.location.href=t.value))}},d.addEventListener(\"message\",d.wp.receiveEmbedMessage,!1),l.addEventListener(\"DOMContentLoaded\",function(){for(var e,t,s=l.querySelectorAll(\"iframe.wp-embedded-content\"),r=0;r<s.length;r++)(t=(e=s[r]).getAttribute(\"data-secret\"))||(t=Math.random().toString(36).substring(2,12),e.src+=\"#?secret=\"+t,e.setAttribute(\"data-secret\",t)),e.contentWindow.postMessage({message:\"ready\",secret:t},\"*\")},!1)))}(window,document);\n\/* ]]> *\/\n<\/script>\n","thumbnail_url":"https:\/\/avrupatv.eu\/wp-content\/uploads\/2024\/12\/galatasaray-yayin-geliri-scaled-1.jpg","thumbnail_width":2560,"thumbnail_height":1600,"description":"Galatasaray&#8217;\u0131n Sosyal Medya Payla\u015f\u0131m\u0131 Acun Il\u0131cal\u0131&#8217;n\u0131n a\u00e7\u0131klamalar\u0131 s\u00fcrerken Galatasaray, resmi sosyal medya hesaplar\u0131ndan dikkat \u00e7eken bir payla\u015f\u0131m yapt\u0131. &#8220;\u015eampiyon Cimbom Yazd\u0131raca\u011f\u0131z!&#8221; mesaj\u0131yla yap\u0131lan payla\u015f\u0131m, Fenerbah\u00e7e camias\u0131nda tepkiyle kar\u015f\u0131land\u0131 ve programda bu payla\u015f\u0131ma y\u00f6nelik ele\u015ftiriler dile getirildi. Bu a\u00e7\u0131klamalar, iki kul\u00fcp aras\u0131ndaki gerginliklerin \u00f6n\u00fcm\u00fczdeki g\u00fcnlerde de s\u00fcrece\u011finin sinyalini verdi. Il\u0131cal\u0131&#8217;n\u0131n a\u00e7\u0131klamalar\u0131n\u0131n ard\u0131ndan Galatasaray cephesinden gelecek olas\u0131 [&hellip;]"}

Avrupalı Türklerin en Yeni Haber Portalı

Galatasaray'dan çıldırtan paylaşım - Avrupalı Türklerin en Yeni Haber Portalı

<blockquote class="wp-embedded-content" data-secret="lIwRrLObeF"><a href="https://avrupatv.eu/index.php/2024/12/04/galatasaraydan-cildirtan-paylasim/">Galatasaray&#8217;dan çıldırtan paylaşım</a></blockquote><iframe sandbox="allow-scripts" security="restricted" src="https://avrupatv.eu/index.php/2024/12/04/galatasaraydan-cildirtan-paylasim/embed/#?secret=lIwRrLObeF" width="600" height="338" title="&#8220;Galatasaray&#8217;dan çıldırtan paylaşım&#8221; &#8212; Avrupalı Türklerin en Yeni Haber Portalı" data-secret="lIwRrLObeF" frameborder="0" marginwidth="0" marginheight="0" scrolling="no" class="wp-embedded-content"></iframe><script type="text/javascript">
/* <![CDATA[ */
/*! This file is auto-generated */
!function(d,l){"use strict";l.querySelector&&d.addEventListener&&"undefined"!=typeof URL&&(d.wp=d.wp||{},d.wp.receiveEmbedMessage||(d.wp.receiveEmbedMessage=function(e){var t=e.data;if((t||t.secret||t.message||t.value)&&!/[^a-zA-Z0-9]/.test(t.secret)){for(var s,r,n,a=l.querySelectorAll('iframe[data-secret="'+t.secret+'"]'),o=l.querySelectorAll('blockquote[data-secret="'+t.secret+'"]'),c=new RegExp("^https?:$","i"),i=0;i<o.length;i++)o[i].style.display="none";for(i=0;i<a.length;i++)s=a[i],e.source===s.contentWindow&&(s.removeAttribute("style"),"height"===t.message?(1e3<(r=parseInt(t.value,10))?r=1e3:~~r<200&&(r=200),s.height=r):"link"===t.message&&(r=new URL(s.getAttribute("src")),n=new URL(t.value),c.test(n.protocol))&&n.host===r.host&&l.activeElement===s&&(d.top.location.href=t.value))}},d.addEventListener("message",d.wp.receiveEmbedMessage,!1),l.addEventListener("DOMContentLoaded",function(){for(var e,t,s=l.querySelectorAll("iframe.wp-embedded-content"),r=0;r<s.length;r++)(t=(e=s[r]).getAttribute("data-secret"))||(t=Math.random().toString(36).substring(2,12),e.src+="#?secret="+t,e.setAttribute("data-secret",t)),e.contentWindow.postMessage({message:"ready",secret:t},"*")},!1)))}(window,document);
/* ]]> */
</script>

Galatasaray&#8217;ın Sosyal Medya Paylaşımı Acun Ilıcalı&#8217;nın açıklamaları sürerken Galatasaray, resmi sosyal medya hesaplarından dikkat çeken bir paylaşım yaptı. &#8220;Şampiyon Cimbom Yazdıracağız!&#8221; mesajıyla yapılan paylaşım, Fenerbahçe camiasında tepkiyle karşılandı ve programda bu paylaşıma yönelik eleştiriler dile getirildi. Bu açıklamalar, iki kulüp arasındaki gerginliklerin önümüzdeki günlerde de süreceğinin sinyalini verdi. Ilıcalı&#8217;nın açıklamalarının ardından Galatasaray cephesinden gelecek olası [&hellip;]
