{"version":"1.0","provider_name":"Avrupal\u0131 T\u00fcrklerin en Yeni Haber Portal\u0131","provider_url":"https:\/\/avrupatv.eu","author_name":"Onur Akpinar","author_url":"https:\/\/avrupatv.eu\/index.php\/author\/onur-akpinar\/","title":"Milli E\u011fitim Bakan\u0131 Yusuf Tekin m\u00fcjdeyi verdi - Avrupal\u0131 T\u00fcrklerin en Yeni Haber Portal\u0131","type":"rich","width":600,"height":338,"html":"<blockquote class=\"wp-embedded-content\" data-secret=\"9ZtgP5ANGL\"><a href=\"https:\/\/avrupatv.eu\/index.php\/2024\/11\/14\/milli-egitim-bakani-yusuf-tekin-mujdeyi-verdi\/\">Milli E\u011fitim Bakan\u0131 Yusuf Tekin m\u00fcjdeyi verdi<\/a><\/blockquote><iframe sandbox=\"allow-scripts\" security=\"restricted\" src=\"https:\/\/avrupatv.eu\/index.php\/2024\/11\/14\/milli-egitim-bakani-yusuf-tekin-mujdeyi-verdi\/embed\/#?secret=9ZtgP5ANGL\" width=\"600\" height=\"338\" title=\"&#8220;Milli E\u011fitim Bakan\u0131 Yusuf Tekin m\u00fcjdeyi verdi&#8221; &#8212; Avrupal\u0131 T\u00fcrklerin en Yeni Haber Portal\u0131\" data-secret=\"9ZtgP5ANGL\" frameborder=\"0\" marginwidth=\"0\" marginheight=\"0\" scrolling=\"no\" class=\"wp-embedded-content\"><\/iframe><script type=\"text\/javascript\">\n\/* <![CDATA[ *\/\n\/*! This file is auto-generated *\/\n!function(d,l){\"use strict\";l.querySelector&&d.addEventListener&&\"undefined\"!=typeof URL&&(d.wp=d.wp||{},d.wp.receiveEmbedMessage||(d.wp.receiveEmbedMessage=function(e){var t=e.data;if((t||t.secret||t.message||t.value)&&!\/[^a-zA-Z0-9]\/.test(t.secret)){for(var s,r,n,a=l.querySelectorAll('iframe[data-secret=\"'+t.secret+'\"]'),o=l.querySelectorAll('blockquote[data-secret=\"'+t.secret+'\"]'),c=new RegExp(\"^https?:$\",\"i\"),i=0;i<o.length;i++)o[i].style.display=\"none\";for(i=0;i<a.length;i++)s=a[i],e.source===s.contentWindow&&(s.removeAttribute(\"style\"),\"height\"===t.message?(1e3<(r=parseInt(t.value,10))?r=1e3:~~r<200&&(r=200),s.height=r):\"link\"===t.message&&(r=new URL(s.getAttribute(\"src\")),n=new URL(t.value),c.test(n.protocol))&&n.host===r.host&&l.activeElement===s&&(d.top.location.href=t.value))}},d.addEventListener(\"message\",d.wp.receiveEmbedMessage,!1),l.addEventListener(\"DOMContentLoaded\",function(){for(var e,t,s=l.querySelectorAll(\"iframe.wp-embedded-content\"),r=0;r<s.length;r++)(t=(e=s[r]).getAttribute(\"data-secret\"))||(t=Math.random().toString(36).substring(2,12),e.src+=\"#?secret=\"+t,e.setAttribute(\"data-secret\",t)),e.contentWindow.postMessage({message:\"ready\",secret:t},\"*\")},!1)))}(window,document);\n\/* ]]> *\/\n<\/script>\n","thumbnail_url":"https:\/\/avrupatv.eu\/wp-content\/uploads\/2024\/11\/yusuf.jpg","thumbnail_width":1600,"thumbnail_height":891,"description":"Milli E\u011fitim Bakan\u0131 Yusuf Tekin, 20 bin \u00f6\u011fretmen atamas\u0131 i\u00e7in tercih s\u00fcrecinin ba\u015flad\u0131\u011f\u0131n\u0131 duyurdu. Tekin, yapt\u0131\u011f\u0131 a\u00e7\u0131klamada \u015fu ifadelere yer verdi: &#8220;20 bin \u00f6\u011fretmen atamam\u0131z i\u00e7in tercih s\u00fcrecimiz ba\u015fl\u0131yor! Kesinle\u015fen puanlara g\u00f6re olu\u015fan s\u0131ralamalar, \u00f6\u011fretmen adaylar\u0131m\u0131z\u0131n tercih ekran\u0131nda yer alacakt\u0131r. Tercih ba\u015fvuru s\u00fcreci 20 Kas\u0131m saat 16:00&#8217;da sona erecektir. \u00d6\u011fretmen adaylar\u0131m\u0131za ve ailelerine hay\u0131rl\u0131 olmas\u0131n\u0131 [&hellip;]"}

Avrupalı Türklerin en Yeni Haber Portalı

Milli Eğitim Bakanı Yusuf Tekin müjdeyi verdi - Avrupalı Türklerin en Yeni Haber Portalı

<blockquote class="wp-embedded-content" data-secret="9ZtgP5ANGL"><a href="https://avrupatv.eu/index.php/2024/11/14/milli-egitim-bakani-yusuf-tekin-mujdeyi-verdi/">Milli Eğitim Bakanı Yusuf Tekin müjdeyi verdi</a></blockquote><iframe sandbox="allow-scripts" security="restricted" src="https://avrupatv.eu/index.php/2024/11/14/milli-egitim-bakani-yusuf-tekin-mujdeyi-verdi/embed/#?secret=9ZtgP5ANGL" width="600" height="338" title="&#8220;Milli Eğitim Bakanı Yusuf Tekin müjdeyi verdi&#8221; &#8212; Avrupalı Türklerin en Yeni Haber Portalı" data-secret="9ZtgP5ANGL" frameborder="0" marginwidth="0" marginheight="0" scrolling="no" class="wp-embedded-content"></iframe><script type="text/javascript">
/* <![CDATA[ */
/*! This file is auto-generated */
!function(d,l){"use strict";l.querySelector&&d.addEventListener&&"undefined"!=typeof URL&&(d.wp=d.wp||{},d.wp.receiveEmbedMessage||(d.wp.receiveEmbedMessage=function(e){var t=e.data;if((t||t.secret||t.message||t.value)&&!/[^a-zA-Z0-9]/.test(t.secret)){for(var s,r,n,a=l.querySelectorAll('iframe[data-secret="'+t.secret+'"]'),o=l.querySelectorAll('blockquote[data-secret="'+t.secret+'"]'),c=new RegExp("^https?:$","i"),i=0;i<o.length;i++)o[i].style.display="none";for(i=0;i<a.length;i++)s=a[i],e.source===s.contentWindow&&(s.removeAttribute("style"),"height"===t.message?(1e3<(r=parseInt(t.value,10))?r=1e3:~~r<200&&(r=200),s.height=r):"link"===t.message&&(r=new URL(s.getAttribute("src")),n=new URL(t.value),c.test(n.protocol))&&n.host===r.host&&l.activeElement===s&&(d.top.location.href=t.value))}},d.addEventListener("message",d.wp.receiveEmbedMessage,!1),l.addEventListener("DOMContentLoaded",function(){for(var e,t,s=l.querySelectorAll("iframe.wp-embedded-content"),r=0;r<s.length;r++)(t=(e=s[r]).getAttribute("data-secret"))||(t=Math.random().toString(36).substring(2,12),e.src+="#?secret="+t,e.setAttribute("data-secret",t)),e.contentWindow.postMessage({message:"ready",secret:t},"*")},!1)))}(window,document);
/* ]]> */
</script>

Milli Eğitim Bakanı Yusuf Tekin, 20 bin öğretmen ataması için tercih sürecinin başladığını duyurdu. Tekin, yaptığı açıklamada şu ifadelere yer verdi: &#8220;20 bin öğretmen atamamız için tercih sürecimiz başlıyor! Kesinleşen puanlara göre oluşan sıralamalar, öğretmen adaylarımızın tercih ekranında yer alacaktır. Tercih başvuru süreci 20 Kasım saat 16:00&#8217;da sona erecektir. Öğretmen adaylarımıza ve ailelerine hayırlı olmasını [&hellip;]
