{"version":"1.0","provider_name":"Avrupal\u0131 T\u00fcrklerin en Yeni Haber Portal\u0131","provider_url":"https:\/\/avrupatv.eu","author_name":"Onur Akpinar","author_url":"https:\/\/avrupatv.eu\/index.php\/author\/onur-akpinar\/","title":"Fenerbah\u00e7e, Avrupa'da 263. m\u00fccadelesine \u00e7\u0131kacak - Avrupal\u0131 T\u00fcrklerin en Yeni Haber Portal\u0131","type":"rich","width":600,"height":338,"html":"<blockquote class=\"wp-embedded-content\" data-secret=\"TRBrmLkuiW\"><a href=\"https:\/\/avrupatv.eu\/index.php\/2023\/10\/25\/fenerbahce-avrupada-263-mucadelesine-cikacak\/\">Fenerbah\u00e7e, Avrupa&#8217;da 263. m\u00fccadelesine \u00e7\u0131kacak<\/a><\/blockquote><iframe sandbox=\"allow-scripts\" security=\"restricted\" src=\"https:\/\/avrupatv.eu\/index.php\/2023\/10\/25\/fenerbahce-avrupada-263-mucadelesine-cikacak\/embed\/#?secret=TRBrmLkuiW\" width=\"600\" height=\"338\" title=\"&#8220;Fenerbah\u00e7e, Avrupa&#8217;da 263. m\u00fccadelesine \u00e7\u0131kacak&#8221; &#8212; Avrupal\u0131 T\u00fcrklerin en Yeni Haber Portal\u0131\" data-secret=\"TRBrmLkuiW\" frameborder=\"0\" marginwidth=\"0\" marginheight=\"0\" scrolling=\"no\" class=\"wp-embedded-content\"><\/iframe><script type=\"text\/javascript\">\n\/* <![CDATA[ *\/\n\/*! This file is auto-generated *\/\n!function(d,l){\"use strict\";l.querySelector&&d.addEventListener&&\"undefined\"!=typeof URL&&(d.wp=d.wp||{},d.wp.receiveEmbedMessage||(d.wp.receiveEmbedMessage=function(e){var t=e.data;if((t||t.secret||t.message||t.value)&&!\/[^a-zA-Z0-9]\/.test(t.secret)){for(var s,r,n,a=l.querySelectorAll('iframe[data-secret=\"'+t.secret+'\"]'),o=l.querySelectorAll('blockquote[data-secret=\"'+t.secret+'\"]'),c=new RegExp(\"^https?:$\",\"i\"),i=0;i<o.length;i++)o[i].style.display=\"none\";for(i=0;i<a.length;i++)s=a[i],e.source===s.contentWindow&&(s.removeAttribute(\"style\"),\"height\"===t.message?(1e3<(r=parseInt(t.value,10))?r=1e3:~~r<200&&(r=200),s.height=r):\"link\"===t.message&&(r=new URL(s.getAttribute(\"src\")),n=new URL(t.value),c.test(n.protocol))&&n.host===r.host&&l.activeElement===s&&(d.top.location.href=t.value))}},d.addEventListener(\"message\",d.wp.receiveEmbedMessage,!1),l.addEventListener(\"DOMContentLoaded\",function(){for(var e,t,s=l.querySelectorAll(\"iframe.wp-embedded-content\"),r=0;r<s.length;r++)(t=(e=s[r]).getAttribute(\"data-secret\"))||(t=Math.random().toString(36).substring(2,12),e.src+=\"#?secret=\"+t,e.setAttribute(\"data-secret\",t)),e.contentWindow.postMessage({message:\"ready\",secret:t},\"*\")},!1)))}(window,document);\n\/* ]]> *\/\n<\/script>\n","thumbnail_url":"https:\/\/avrupatv.eu\/wp-content\/uploads\/2023\/10\/thumbs_b_c_40ac43b1e3437e78c7363895851dd69d.jpg","thumbnail_width":864,"thumbnail_height":486,"description":"UEFA Avrupa Konferans Ligi H Grubu \u00fc\u00e7\u00fcnc\u00fc ma\u00e7\u0131nda Bulgaristan&#8217;\u0131n Ludogorets tak\u0131m\u0131n\u0131 konuk edecek sar\u0131-lacivertliler, Avrupa kupalar\u0131nda \u00e7\u0131kt\u0131\u011f\u0131 262 ma\u00e7ta 103 galibiyet ve 104 ma\u011flubiyet ya\u015fad\u0131. UEFA Avrupa Konferans Ligi H Grubu \u00fc\u00e7\u00fcnc\u00fc ma\u00e7\u0131nda Bulgaristan&#8217;\u0131n Ludogorets tak\u0131m\u0131n\u0131 konuk edecek Fenerbah\u00e7e, Avrupa kupalar\u0131ndaki 263. ma\u00e7\u0131na \u00e7\u0131kacak. Sar\u0131-lacivertli tak\u0131m, Avrupa kupalar\u0131nda \u00e7\u0131kt\u0131\u011f\u0131 262 m\u00fcsabakada 103 galibiyet al\u0131rken, 55 [&hellip;]"}

Avrupalı Türklerin en Yeni Haber Portalı

Fenerbahçe, Avrupa'da 263. mücadelesine çıkacak - Avrupalı Türklerin en Yeni Haber Portalı

<blockquote class="wp-embedded-content" data-secret="TRBrmLkuiW"><a href="https://avrupatv.eu/index.php/2023/10/25/fenerbahce-avrupada-263-mucadelesine-cikacak/">Fenerbahçe, Avrupa&#8217;da 263. mücadelesine çıkacak</a></blockquote><iframe sandbox="allow-scripts" security="restricted" src="https://avrupatv.eu/index.php/2023/10/25/fenerbahce-avrupada-263-mucadelesine-cikacak/embed/#?secret=TRBrmLkuiW" width="600" height="338" title="&#8220;Fenerbahçe, Avrupa&#8217;da 263. mücadelesine çıkacak&#8221; &#8212; Avrupalı Türklerin en Yeni Haber Portalı" data-secret="TRBrmLkuiW" frameborder="0" marginwidth="0" marginheight="0" scrolling="no" class="wp-embedded-content"></iframe><script type="text/javascript">
/* <![CDATA[ */
/*! This file is auto-generated */
!function(d,l){"use strict";l.querySelector&&d.addEventListener&&"undefined"!=typeof URL&&(d.wp=d.wp||{},d.wp.receiveEmbedMessage||(d.wp.receiveEmbedMessage=function(e){var t=e.data;if((t||t.secret||t.message||t.value)&&!/[^a-zA-Z0-9]/.test(t.secret)){for(var s,r,n,a=l.querySelectorAll('iframe[data-secret="'+t.secret+'"]'),o=l.querySelectorAll('blockquote[data-secret="'+t.secret+'"]'),c=new RegExp("^https?:$","i"),i=0;i<o.length;i++)o[i].style.display="none";for(i=0;i<a.length;i++)s=a[i],e.source===s.contentWindow&&(s.removeAttribute("style"),"height"===t.message?(1e3<(r=parseInt(t.value,10))?r=1e3:~~r<200&&(r=200),s.height=r):"link"===t.message&&(r=new URL(s.getAttribute("src")),n=new URL(t.value),c.test(n.protocol))&&n.host===r.host&&l.activeElement===s&&(d.top.location.href=t.value))}},d.addEventListener("message",d.wp.receiveEmbedMessage,!1),l.addEventListener("DOMContentLoaded",function(){for(var e,t,s=l.querySelectorAll("iframe.wp-embedded-content"),r=0;r<s.length;r++)(t=(e=s[r]).getAttribute("data-secret"))||(t=Math.random().toString(36).substring(2,12),e.src+="#?secret="+t,e.setAttribute("data-secret",t)),e.contentWindow.postMessage({message:"ready",secret:t},"*")},!1)))}(window,document);
/* ]]> */
</script>

UEFA Avrupa Konferans Ligi H Grubu üçüncü maçında Bulgaristan&#8217;ın Ludogorets takımını konuk edecek sarı-lacivertliler, Avrupa kupalarında çıktığı 262 maçta 103 galibiyet ve 104 mağlubiyet yaşadı. UEFA Avrupa Konferans Ligi H Grubu üçüncü maçında Bulgaristan&#8217;ın Ludogorets takımını konuk edecek Fenerbahçe, Avrupa kupalarındaki 263. maçına çıkacak. Sarı-lacivertli takım, Avrupa kupalarında çıktığı 262 müsabakada 103 galibiyet alırken, 55 [&hellip;]
